{"id":7256,"date":"2026-01-11T22:52:31","date_gmt":"2026-01-11T21:52:31","guid":{"rendered":"https:\/\/universals.tv\/?page_id=7256"},"modified":"2026-01-12T12:57:31","modified_gmt":"2026-01-12T11:57:31","slug":"quantum-healing-21-dagen","status":"publish","type":"page","link":"https:\/\/universals.tv\/nl\/quantum-healing-21-dagen\/","title":{"rendered":"Quantum Healing 21 dagen"},"content":{"rendered":"<p>[et_pb_section fb_built=&#8221;1&#8243; _builder_version=&#8221;4.27.5&#8243; _module_preset=&#8221;default&#8221; background_image=&#8221;http:\/\/universals.tv\/wp-content\/uploads\/2026\/01\/21dagen-Quantumhealing.png&#8221; global_colors_info=&#8221;{}&#8221;][et_pb_row _builder_version=&#8221;4.27.4&#8243; _module_preset=&#8221;default&#8221; background_color=&#8221;rgba(255,255,255,0.48)&#8221; global_colors_info=&#8221;{}&#8221;][et_pb_column type=&#8221;4_4&#8243; _builder_version=&#8221;4.27.4&#8243; _module_preset=&#8221;default&#8221; global_colors_info=&#8221;{}&#8221;][dipl_fancy_text fancy_text=&#8221;Quantum Healing 2026&#8243; grandient_color_1=&#8221;#8300E9&#8243; grandient_color_2=&#8221;#8B68EE&#8221; linear_direction=&#8221;230deg&#8221; _builder_version=&#8221;4.27.5&#8243; _module_preset=&#8221;default&#8221; body_font=&#8221;|800||||on|||&#8221; body_text_align=&#8221;center&#8221; body_font_size=&#8221;30px&#8221; body_letter_spacing=&#8221;1px&#8221; body_text_shadow_style=&#8221;preset2&#8243; body_text_shadow_horizontal_length=&#8221;-0.05em&#8221; body_text_shadow_vertical_length=&#8221;0.05em&#8221; body_text_shadow_blur_strength=&#8221;0.34em&#8221; body_text_shadow_color=&#8221;#FFFFFF&#8221; global_colors_info=&#8221;{}&#8221;][\/dipl_fancy_text][\/et_pb_column][\/et_pb_row][et_pb_row _builder_version=&#8221;4.27.4&#8243; _module_preset=&#8221;default&#8221; global_colors_info=&#8221;{}&#8221;][et_pb_column type=&#8221;4_4&#8243; _builder_version=&#8221;4.27.4&#8243; _module_preset=&#8221;default&#8221; global_colors_info=&#8221;{}&#8221;][et_pb_text _builder_version=&#8221;4.27.5&#8243; _module_preset=&#8221;default&#8221; text_font=&#8221;|800||on|||||&#8221; text_font_size=&#8221;19px&#8221; text_orientation=&#8221;center&#8221; global_colors_info=&#8221;{}&#8221;]<\/p>\n<p style=\"text-align: center;\">Persoonlijke clearing &amp; healing \u2013 individueel begeleid door Donny en Anouchka<\/p>\n<p>[\/et_pb_text][\/et_pb_column][\/et_pb_row][et_pb_row column_structure=&#8221;1_2,1_2&#8243; _builder_version=&#8221;4.27.5&#8243; _module_preset=&#8221;default&#8221; background_color=&#8221;rgba(131,0,233,0.38)&#8221; global_colors_info=&#8221;{}&#8221;][et_pb_column type=&#8221;1_2&#8243; _builder_version=&#8221;4.27.4&#8243; _module_preset=&#8221;default&#8221; global_colors_info=&#8221;{}&#8221;][et_pb_text _builder_version=&#8221;4.27.5&#8243; _module_preset=&#8221;default&#8221; text_font_size=&#8221;16px&#8221; global_colors_info=&#8221;{}&#8221;]<\/p>\n<p>Het 21-dagen Quantum Healing Programma is een individueel traject. Het is nadrukkelijk geen reguliere Healing Cirkel en geen groepsproces. Iedere deelnemer wordt afzonderlijk meegenomen in een dagelijkse Quantum Healing sessie, afgestemd op zijn of haar eigen systeem, tempo en draagkracht.<\/p>\n<h2><strong>Dagelijkse individuele afstemming<\/strong><\/h2>\n<p>Gedurende 21 opeenvolgende dagen vindt er elke dag een Quantum Healing sessie plaats per individu.<\/p>\n<p>Deze sessies werken op:<\/p>\n<ul>\n<li>opschonen van oude energetische belasting <strong>op DNA niveau<\/strong><\/li>\n<li>herstel van coherentie in lichaam, hart en bewustzijn<\/li>\n<li>ondersteuning van het zelfregulerend vermogen<\/li>\n<\/ul>\n<p>De healing gebeurt zonder forceren. Het universum bepaalt wat er die dag mogelijk is en wat op dat moment veilig en passend is om te bewegen.<\/p>\n<h2><strong>Waarom 21 dagen<\/strong><\/h2>\n<p>Een periode van 21 dagen geeft het systeem:<\/p>\n<ul>\n<li>tijd om oude patronen los te laten<\/li>\n<li>ruimte om nieuwe balans te integreren<\/li>\n<li>rust om veranderingen te laten landen<\/li>\n<\/ul>\n<p>Het is lang genoeg voor verdieping, maar zacht genoeg om overbelasting te voorkomen.<\/p>\n<p>[\/et_pb_text][et_pb_text _builder_version=&#8221;4.27.5&#8243; _module_preset=&#8221;default&#8221; text_font_size=&#8221;16px&#8221; global_colors_info=&#8221;{}&#8221;]<\/p>\n<h2><strong>Afstemming op de energie van 2027 en 2030<\/strong><\/h2>\n<p>Dit programma is niet alleen gericht op herstel in het nu, maar ook op voorbereiding op de komende jaren. De periode richting 2027 en 2030 markeert een duidelijke verschuiving in energie, bewustzijn en levensritme. Systemen veranderen, tempo\u2019s verschuiven en oude structuren vallen weg.<\/p>\n<p>Dit programma ondersteunt de aanpassing van het menselijk systeem aan deze nieuwe energie.<\/p>\n<p>[\/et_pb_text][et_pb_text _builder_version=&#8221;4.27.5&#8243; _module_preset=&#8221;default&#8221; text_font_size=&#8221;16px&#8221; global_colors_info=&#8221;{}&#8221;]<\/p>\n<h2><strong>Wat er in beweging komt<\/strong><\/h2>\n<p><strong>Tijdens de 21 dagen wordt gewerkt aan:<\/strong><\/p>\n<ul>\n<li>clearing van oude energetische belasting<\/li>\n<li>herstel van coherentie in lichaam, hart en bewustzijn<\/li>\n<li>regulatie van het zenuwstelsel<\/li>\n<li>voorbereiding op de nieuwe energie richting 2027 en 2030<\/li>\n<\/ul>\n<p><strong>Veel deelnemers ervaren:<\/strong><\/p>\n<ul>\n<li>meer rust en stabiliteit<\/li>\n<li>emotionele helderheid<\/li>\n<li>minder reactiviteit<\/li>\n<li>beter voelen wat klopt en wat niet<\/li>\n<li>subtiele maar duurzame veranderingen<\/li>\n<\/ul>\n<p>[\/et_pb_text][\/et_pb_column][et_pb_column type=&#8221;1_2&#8243; _builder_version=&#8221;4.27.4&#8243; _module_preset=&#8221;default&#8221; global_colors_info=&#8221;{}&#8221;][dipl_image_magnifier image=&#8221;http:\/\/universals.tv\/wp-content\/uploads\/2026\/01\/PosterUniverals.png&#8221; _builder_version=&#8221;4.27.5&#8243; _module_preset=&#8221;default&#8221; global_colors_info=&#8221;{}&#8221;][\/dipl_image_magnifier][et_pb_text _builder_version=&#8221;4.27.5&#8243; _module_preset=&#8221;default&#8221; text_font_size=&#8221;16px&#8221; hover_enabled=&#8221;0&#8243; global_colors_info=&#8221;{}&#8221; sticky_enabled=&#8221;0&#8243; background_color=&#8221;#000000&#8243; border_radii=&#8221;on|25px|25px|25px|25px&#8221; custom_padding=&#8221;2%|2%|2%|2%|false|false&#8221;]<\/p>\n<p><strong>Praktische informatie Quantum Healing programma<\/strong><\/p>\n<p>Datum:<strong> 1 februari t\/m 21 februari<br \/><\/strong>Locatie: <strong>op afstand\u00a0<br \/><\/strong>Energetische uitwisseling: <strong>\u20ac 295<br \/><\/strong>Inclusief: <strong>21 dagen sessies, terugkoppeling, <a href=\"https:\/\/quantumdome.nl\" target=\"_blank\" rel=\"noopener\">QuantumDome sessie<\/a><\/strong><br \/>Opgeven:<a href=\"https:\/\/hanmeda.com\/evenementen\" target=\"_blank\" rel=\"noopener\">https:\/\/hanmeda.com\/evenementen<\/a><\/p>\n<p>[\/et_pb_text][et_pb_text _builder_version=&#8221;4.27.5&#8243; _module_preset=&#8221;default&#8221; text_font_size=&#8221;16px&#8221; hover_enabled=&#8221;0&#8243; global_colors_info=&#8221;{}&#8221; sticky_enabled=&#8221;0&#8243;]<\/p>\n<h2 style=\"text-align: center;\"><strong>Inclusief QuantumDome sessie<\/strong><\/h2>\n<p style=\"text-align: center;\"><strong>De QuantumDome is ontworpen vanuit \u00e9\u00e9n uitgangspunt: het cre\u00ebren van optimale omstandigheden waarin je tot diepe ontspanning, activatie en herstel kunt komen, zonder externe verstoringen.<\/strong><\/p>\n<p style=\"text-align: center;\"><a href=\"https:\/\/quantumdome.nl\" target=\"_blank\" rel=\"noopener\"><strong>https:\/\/quantumdome.nl<\/strong><\/a><\/p>\n<p>[\/et_pb_text][et_pb_image src=&#8221;https:\/\/quantumdome.nl\/wp-content\/uploads\/2025\/12\/QuantumDome-Carb-activatie.png&#8221; _builder_version=&#8221;4.27.5&#8243; _module_preset=&#8221;default&#8221; hover_enabled=&#8221;0&#8243; sticky_enabled=&#8221;0&#8243; max_width=&#8221;54%&#8221; align=&#8221;center&#8221;][\/et_pb_image][\/et_pb_column][\/et_pb_row][et_pb_row _builder_version=&#8221;4.27.5&#8243; _module_preset=&#8221;default&#8221; background_color=&#8221;rgba(224,153,0,0.45)&#8221; global_colors_info=&#8221;{}&#8221;][et_pb_column type=&#8221;4_4&#8243; _builder_version=&#8221;4.27.5&#8243; _module_preset=&#8221;default&#8221; global_colors_info=&#8221;{}&#8221;][et_pb_text _builder_version=&#8221;4.27.5&#8243; _module_preset=&#8221;default&#8221; text_font_size=&#8221;16px&#8221; global_colors_info=&#8221;{}&#8221;]<\/p>\n<h2><strong>Grotere uitdaging? Ontdek het unieke Hands-On-Healing programma.<\/strong><\/h2>\n<p><strong>Heb je een specifieke klacht of bevind je je in een intensief lichamelijk traject, zoals bij kanker of andere ernstige aandoeningen, en zoek je diepgaande multidimensionale ondersteuning, dan kan het uiterst krachtige Hands-On Healing programma passend zijn.<\/strong><\/p>\n<p>Dit programma van 7 dagen werkt direct met het lichaam en het energiesysteem en is bedoeld als ondersteunende healing bij herstelprocessen, regulatie van het zenuwstelsel en het omgaan met fysieke en emotionele belasting. De sessies zijn aanvullend en bedoeld ter ondersteuning naast reguliere medische zorg.<\/p>\n<p>De methode is ontwikkeld vanuit jarenlange praktijkervaring door Anouchka (Nederland) en Paula (Australi\u00eb), en wordt dagelijks toegepast in de praktijk en op afstand.<\/p>\n<p>Meer informatie? <a href=\"mailto:hello@universals.tv\">hello@universals.tv<\/a><\/p>\n<p>[\/et_pb_text][\/et_pb_column][\/et_pb_row][\/et_pb_section]<\/p>\n","protected":false},"excerpt":{"rendered":"<p><div class=\"et_pb_module dipl_fancy_text dipl_fancy_text_0\">\n\t\t\t\t\n\t\t\t\t\n\t\t\t\t\n\t\t\t\t\n\t\t\t\t\n\t\t\t\t\n\t\t\t\t<div class=\"et_pb_module_inner\">\n\t\t\t\t\t<div class=dipl_gradient>\n\t\t\t\t<div class=\"dipl-text-wrapper\">\n\t\t\t\t\t<div class=\"dipl-text-wrapper-inner dipl_gradient_text\">Quantum Healing 2026<\/div>\n\t\t\t\t<\/div>\n\t\t\t<\/div>\n\t\t\t\t<\/div>\n\t\t\t<\/div>Persoonlijke clearing &amp; healing \u2013 individueel begeleid door Donny en AnouchkaHet 21-dagen Quantum Healing Programma is een individueel traject. Het is nadrukkelijk geen reguliere Healing Cirkel en geen groepsproces. Iedere deelnemer wordt afzonderlijk meegenomen in een dagelijkse [&hellip;]<\/p>\n","protected":false},"author":1,"featured_media":0,"parent":0,"menu_order":0,"comment_status":"closed","ping_status":"closed","template":"","meta":{"_et_pb_use_builder":"on","_et_pb_old_content":"","_et_gb_content_width":"","footnotes":""},"class_list":["post-7256","page","type-page","status-publish","hentry"],"_links":{"self":[{"href":"https:\/\/universals.tv\/nl\/wp-json\/wp\/v2\/pages\/7256","targetHints":{"allow":["GET"]}}],"collection":[{"href":"https:\/\/universals.tv\/nl\/wp-json\/wp\/v2\/pages"}],"about":[{"href":"https:\/\/universals.tv\/nl\/wp-json\/wp\/v2\/types\/page"}],"author":[{"embeddable":true,"href":"https:\/\/universals.tv\/nl\/wp-json\/wp\/v2\/users\/1"}],"replies":[{"embeddable":true,"href":"https:\/\/universals.tv\/nl\/wp-json\/wp\/v2\/comments?post=7256"}],"version-history":[{"count":8,"href":"https:\/\/universals.tv\/nl\/wp-json\/wp\/v2\/pages\/7256\/revisions"}],"predecessor-version":[{"id":7274,"href":"https:\/\/universals.tv\/nl\/wp-json\/wp\/v2\/pages\/7256\/revisions\/7274"}],"wp:attachment":[{"href":"https:\/\/universals.tv\/nl\/wp-json\/wp\/v2\/media?parent=7256"}],"curies":[{"name":"wp","href":"https:\/\/api.w.org\/{rel}","templated":true}]}}

<p>[et_pb_section fb_built=&#8221;1&#8243; _builder_version=&#8221;4.27.5&#8243; _module_preset=&#8221;default&#8221; background_image=&#8221;http://universals.tv/wp-content/uploads/2026/01/21dagen-Quantumhealing.png&#8221; global_colors_info=&#8221;{}&#8221;][et_pb_row _builder_version=&#8221;4.27.4&#8243; _module_preset=&#8221;default&#8221; background_color=&#8221;rgba(255,255,255,0.48)&#8221; global_colors_info=&#8221;{}&#8221;][et_pb_column type=&#8221;4_4&#8243; _builder_version=&#8221;4.27.4&#8243; _module_preset=&#8221;default&#8221; global_colors_info=&#8221;{}&#8221;][dipl_fancy_text fancy_text=&#8221;Quantum Healing 2026&#8243; grandient_color_1=&#8221;#8300E9&#8243; grandient_color_2=&#8221;#8B68EE&#8221; linear_direction=&#8221;230deg&#8221; _builder_version=&#8221;4.27.5&#8243; _module_preset=&#8221;default&#8221; body_font=&#8221;|800||||on|||&#8221; body_text_align=&#8221;center&#8221; body_font_size=&#8221;30px&#8221; body_letter_spacing=&#8221;1px&#8221; body_text_shadow_style=&#8221;preset2&#8243; body_text_shadow_horizontal_length=&#8221;-0.05em&#8221; body_text_shadow_vertical_length=&#8221;0.05em&#8221; body_text_shadow_blur_strength=&#8221;0.34em&#8221; body_text_shadow_color=&#8221;#FFFFFF&#8221; global_colors_info=&#8221;{}&#8221;][/dipl_fancy_text][/et_pb_column][/et_pb_row][et_pb_row _builder_version=&#8221;4.27.4&#8243; _module_preset=&#8221;default&#8221; global_colors_info=&#8221;{}&#8221;][et_pb_column type=&#8221;4_4&#8243; _builder_version=&#8221;4.27.4&#8243; _module_preset=&#8221;default&#8221; global_colors_info=&#8221;{}&#8221;][et_pb_text _builder_version=&#8221;4.27.5&#8243; _module_preset=&#8221;default&#8221; text_font=&#8221;|800||on|||||&#8221; text_font_size=&#8221;19px&#8221; text_orientation=&#8221;center&#8221; global_colors_info=&#8221;{}&#8221;]</p>
<p style="text-align: center;">Persoonlijke clearing &amp; healing – individueel begeleid door Donny en Anouchka</p>
<p>[/et_pb_text][/et_pb_column][/et_pb_row][et_pb_row column_structure=&#8221;1_2,1_2&#8243; _builder_version=&#8221;4.27.5&#8243; _module_preset=&#8221;default&#8221; background_color=&#8221;rgba(131,0,233,0.38)&#8221; global_colors_info=&#8221;{}&#8221;][et_pb_column type=&#8221;1_2&#8243; _builder_version=&#8221;4.27.4&#8243; _module_preset=&#8221;default&#8221; global_colors_info=&#8221;{}&#8221;][et_pb_text _builder_version=&#8221;4.27.5&#8243; _module_preset=&#8221;default&#8221; text_font_size=&#8221;16px&#8221; global_colors_info=&#8221;{}&#8221;]</p>
<p>Het 21-dagen Quantum Healing Programma is een individueel traject. Het is nadrukkelijk geen reguliere Healing Cirkel en geen groepsproces. Iedere deelnemer wordt afzonderlijk meegenomen in een dagelijkse Quantum Healing sessie, afgestemd op zijn of haar eigen systeem, tempo en draagkracht.</p>
<h2><strong>Dagelijkse individuele afstemming</strong></h2>
<p>Gedurende 21 opeenvolgende dagen vindt er elke dag een Quantum Healing sessie plaats per individu.</p>
<p>Deze sessies werken op:</p>
<ul>
<li>opschonen van oude energetische belasting <strong>op DNA niveau</strong></li>
<li>herstel van coherentie in lichaam, hart en bewustzijn</li>
<li>ondersteuning van het zelfregulerend vermogen</li>
</ul>
<p>De healing gebeurt zonder forceren. Het universum bepaalt wat er die dag mogelijk is en wat op dat moment veilig en passend is om te bewegen.</p>
<h2><strong>Waarom 21 dagen</strong></h2>
<p>Een periode van 21 dagen geeft het systeem:</p>
<ul>
<li>tijd om oude patronen los te laten</li>
<li>ruimte om nieuwe balans te integreren</li>
<li>rust om veranderingen te laten landen</li>
</ul>
<p>Het is lang genoeg voor verdieping, maar zacht genoeg om overbelasting te voorkomen.</p>
<p>[/et_pb_text][et_pb_text _builder_version=&#8221;4.27.5&#8243; _module_preset=&#8221;default&#8221; text_font_size=&#8221;16px&#8221; global_colors_info=&#8221;{}&#8221;]</p>
<h2><strong>Afstemming op de energie van 2027 en 2030</strong></h2>
<p>Dit programma is niet alleen gericht op herstel in het nu, maar ook op voorbereiding op de komende jaren. De periode richting 2027 en 2030 markeert een duidelijke verschuiving in energie, bewustzijn en levensritme. Systemen veranderen, tempo’s verschuiven en oude structuren vallen weg.</p>
<p>Dit programma ondersteunt de aanpassing van het menselijk systeem aan deze nieuwe energie.</p>
<p>[/et_pb_text][et_pb_text _builder_version=&#8221;4.27.5&#8243; _module_preset=&#8221;default&#8221; text_font_size=&#8221;16px&#8221; global_colors_info=&#8221;{}&#8221;]</p>
<h2><strong>Wat er in beweging komt</strong></h2>
<p><strong>Tijdens de 21 dagen wordt gewerkt aan:</strong></p>
<ul>
<li>clearing van oude energetische belasting</li>
<li>herstel van coherentie in lichaam, hart en bewustzijn</li>
<li>regulatie van het zenuwstelsel</li>
<li>voorbereiding op de nieuwe energie richting 2027 en 2030</li>
</ul>
<p><strong>Veel deelnemers ervaren:</strong></p>
<ul>
<li>meer rust en stabiliteit</li>
<li>emotionele helderheid</li>
<li>minder reactiviteit</li>
<li>beter voelen wat klopt en wat niet</li>
<li>subtiele maar duurzame veranderingen</li>
</ul>
<p>[/et_pb_text][/et_pb_column][et_pb_column type=&#8221;1_2&#8243; _builder_version=&#8221;4.27.4&#8243; _module_preset=&#8221;default&#8221; global_colors_info=&#8221;{}&#8221;][dipl_image_magnifier image=&#8221;http://universals.tv/wp-content/uploads/2026/01/PosterUniverals.png&#8221; _builder_version=&#8221;4.27.5&#8243; _module_preset=&#8221;default&#8221; global_colors_info=&#8221;{}&#8221;][/dipl_image_magnifier][et_pb_text _builder_version=&#8221;4.27.5&#8243; _module_preset=&#8221;default&#8221; text_font_size=&#8221;16px&#8221; hover_enabled=&#8221;0&#8243; global_colors_info=&#8221;{}&#8221; sticky_enabled=&#8221;0&#8243; background_color=&#8221;#000000&#8243; border_radii=&#8221;on|25px|25px|25px|25px&#8221; custom_padding=&#8221;2%|2%|2%|2%|false|false&#8221;]</p>
<p><strong>Praktische informatie Quantum Healing programma</strong></p>
<p>Datum:<strong> 1 februari t/m 21 februari<br /></strong>Locatie: <strong>op afstand <br /></strong>Energetische uitwisseling: <strong>€ 295<br /></strong>Inclusief: <strong>21 dagen sessies, terugkoppeling, <a href="https://quantumdome.nl" target="_blank" rel="noopener">QuantumDome sessie</a></strong><br />Opgeven:<a href="https://hanmeda.com/evenementen" target="_blank" rel="noopener">https://hanmeda.com/evenementen</a></p>
<p>[/et_pb_text][et_pb_text _builder_version=&#8221;4.27.5&#8243; _module_preset=&#8221;default&#8221; text_font_size=&#8221;16px&#8221; hover_enabled=&#8221;0&#8243; global_colors_info=&#8221;{}&#8221; sticky_enabled=&#8221;0&#8243;]</p>
<h2 style="text-align: center;"><strong>Inclusief QuantumDome sessie</strong></h2>
<p style="text-align: center;"><strong>De QuantumDome is ontworpen vanuit één uitgangspunt: het creëren van optimale omstandigheden waarin je tot diepe ontspanning, activatie en herstel kunt komen, zonder externe verstoringen.</strong></p>
<p style="text-align: center;"><a href="https://quantumdome.nl" target="_blank" rel="noopener"><strong>https://quantumdome.nl</strong></a></p>
<p>[/et_pb_text][et_pb_image src=&#8221;https://quantumdome.nl/wp-content/uploads/2025/12/QuantumDome-Carb-activatie.png&#8221; _builder_version=&#8221;4.27.5&#8243; _module_preset=&#8221;default&#8221; hover_enabled=&#8221;0&#8243; sticky_enabled=&#8221;0&#8243; max_width=&#8221;54%&#8221; align=&#8221;center&#8221;][/et_pb_image][/et_pb_column][/et_pb_row][et_pb_row _builder_version=&#8221;4.27.5&#8243; _module_preset=&#8221;default&#8221; background_color=&#8221;rgba(224,153,0,0.45)&#8221; global_colors_info=&#8221;{}&#8221;][et_pb_column type=&#8221;4_4&#8243; _builder_version=&#8221;4.27.5&#8243; _module_preset=&#8221;default&#8221; global_colors_info=&#8221;{}&#8221;][et_pb_text _builder_version=&#8221;4.27.5&#8243; _module_preset=&#8221;default&#8221; text_font_size=&#8221;16px&#8221; global_colors_info=&#8221;{}&#8221;]</p>
<h2><strong>Grotere uitdaging? Ontdek het unieke Hands-On-Healing programma.</strong></h2>
<p><strong>Heb je een specifieke klacht of bevind je je in een intensief lichamelijk traject, zoals bij kanker of andere ernstige aandoeningen, en zoek je diepgaande multidimensionale ondersteuning, dan kan het uiterst krachtige Hands-On Healing programma passend zijn.</strong></p>
<p>Dit programma van 7 dagen werkt direct met het lichaam en het energiesysteem en is bedoeld als ondersteunende healing bij herstelprocessen, regulatie van het zenuwstelsel en het omgaan met fysieke en emotionele belasting. De sessies zijn aanvullend en bedoeld ter ondersteuning naast reguliere medische zorg.</p>
<p>De methode is ontwikkeld vanuit jarenlange praktijkervaring door Anouchka (Nederland) en Paula (Australië), en wordt dagelijks toegepast in de praktijk en op afstand.</p>
<p>Meer informatie? <a href="mailto:hello@universals.tv">hello@universals.tv</a></p>
<p>[/et_pb_text][/et_pb_column][/et_pb_row][/et_pb_section]</p>
